at are the prime factors of r?
2, 3
Suppose -28 + 8 = -2*b. List the prime factors of b.
2, 5
Let w be -2 - -2 - (14 + -3). Let o = w - -18. What are the prime factors of o?
7
Let w = -281 - -559. List the prime factors of w.
2, 139
Let w be (-145)/(0 + (-3 - -2)). Suppose 4*s - w = m, m = -3*s - 3*m + 123. What are the prime factors of s?
37
Let t = 2 + -3. Let n be 3/(3 + -2)*t. List the prime factors of (27/12)/(n/(-16)).
2, 3
Suppose 10 = -3*o + 4*o. What are the prime factors of -2*1*(-105)/o?
3, 7
Suppose 3*n = 5*w - 880, -5*w + 2*w = 5*n - 528. List the prime factors of w.
2, 11
Suppose -7 - 215 = -3*z. What are the prime factors of z?
2, 37
Let y(h) = -4*h + 3*h**2 - 5 + 0*h**2 - h**2 + 11. List the prime factors of y(4).
2, 11
Let r be ((-2)/((-6)/(-15)))/(-1). Suppose -b + r = -3. List the prime factors of b.
2
Suppose -i + 3*j = 14, -4*i - i - 30 = -5*j. Let u(y) = -10*y + 6. What are the prime factors of u(i)?
2, 13
What are the prime factors of (-1736)/(-14) - (-2)/3*-6?
2, 3, 5
Let j = -42 - -115. List the prime factors of j.
73
Let c(o) = 21*o - 9. Let k(d) = d - 1. Let t(y) = -c(y) + 18*k(y). List the prime factors of t(-8).
3, 5
Let w = 7 + -5. Let h(u) = -3*u - u**2 - u**3 + 6*u**w - u. List the prime factors of h(3).
2, 3
Let d(z) = z - 1. Let l(p) = -p**2 + 4*p + 1. Let m be l(2). List the prime factors of d(m).
2
Suppose -3*s - 3*k + 501 = 0, -s - k + 495 = 2*s. List the prime factors of s.
2, 41
Suppose -2*u - u = 0. Let z(k) = k + 3. What are the prime factors of z(u)?
3
Suppose -20 = 2*q + 3*q. Let t = q - -7. Suppose 10 = t*k + 2*r, -5*k - r = -0*k - 26. What are the prime factors of k?
2, 3
Let k(f) = f**3 + 2*f**2 - 3*f - 3. Let o be k(-2). Suppose -o*y + 2 = -4*y. What are the prime factors of 11 + y + (-2 - 0)?
7
Suppose 0*i = -4*l + 3*i + 916, -i = 3*l - 700. List the prime factors of l.
2, 29
Suppose 0 = -5*k + 581 + 49. What are the prime factors of k?
2, 3, 7
Let a = -18 - -40. Suppose 0 = -2*o + a. What are the prime factors of o?
11
Let m = 15 - -25. Suppose -4*x = -60 - m. List the prime factors of x.
5
Suppose 64 = 19*d - 17*d. List the prime factors of d.
2
Let g be (0 + -1)*-1*2. Suppose m + 51 = k + k, 28 = k + g*m. Suppose 5*o = 4 + k. List the prime factors of o.
2, 3
What are the prime factors of 2 - 0 - (-2 + -11)?
3, 5
Let u(r) = -r. Let l be u(6). Let z(p) be the third derivative of p**5/60 + p**4/8 - 4*p**3/3 + p**2. What are the prime factors of z(l)?
2, 5
Let p be -1 + -4 - (1 - 2). What are the prime factors of p/(-3)*12 + -3?
13
Suppose -3*r + 97 = 2*i, 2*r = -2*i + 5*i - 113. What are the prime factors of i?
41
Suppose 2*v + 3*u - 209 = 0, v + 443 = 5*v + u. List the prime factors of v.
2, 7
Let f(k) = -4*k + 0 + 0 + 1 + 0. Let q be f(-6). Suppose -5*z = -0*z - q. What are the prime factors of z?
5
Let q(w) be the third derivative of w**5/60 + 7*w**4/24 - w**3 - 3*w**2. What are the prime factors of q(-8)?
2
Suppose 4*n + v - 248 = -0*v, -2*n - 2*v + 130 = 0. Suppose -2*g = -1 - n. Suppose -u + 5*u - g = t, -5*u = -t - 38. List the prime factors of u.
7
Suppose 5*c - 3*f - 34 = 0, -5*f = -5*c - 0*f + 40. Suppose -2*z - 66 = -c*z. What are the prime factors of z?
2, 11
Let c(r) = r**2 - 2. Let x be c(2). Suppose 0 = -h + x*b + 39, 0*b + b + 2 = 0. What are the prime factors of h?
5, 7
Let z(t) = t**3 - 6*t**2 + 6*t + 1. Let d be z(5). Suppose 0 = -4*p - p + 100. Suppose d*r - r = p. List the prime factors of r.
2
Let r(x) = x**3 - 6*x**2 + 6*x - 1. What are the prime factors of r(6)?
5, 7
Let y(k) = k**2 - 8*k - 1. Let g be y(7). What are the prime factors of (-215)/(-20) + 6/g?
2, 5
Suppose 5*f = -4*m + 36, -m = -5*f - 4 + 20. Suppose 2 = 2*h + m. List the prime factors of 10 - (h + 7 + -3).
7
Let j(d) = d**2 - 11*d - 6. Let x be j(8). List the prime factors of (0 + 1)*-3 - x.
3
List the prime factors of 104 - (2 - 1 - 0).
103
Suppose r = -2*r. Let f(l) = -l**3 + l**2 + l + 19. List the prime factors of f(r).
19
Let p = -41 + 60. What are the prime factors of p?
19
Suppose -5*v + 24 - 94 = 0. Let o(f) = -f**2 - 15*f - 4. What are the prime factors of o(v)?
2, 5
Suppose -3*y - 17 + 8 = 0. Let p = y - -16. What are the prime factors of p?
13
Let p = -3 - -6. Suppose 4*y + 3*c - 16 = 5*c, -c - 11 = -p*y. List the prime factors of y.
3
Suppose -s = -5*j + 148, 0*s = 3*j - 2*s - 93. Let i = j + 2. What are the prime factors of i?
31
Suppose -a + s - 3 = -1, 4*s + 20 = -3*a. Let b = 1 - a. List the prime factors of b.
5
Let s(o) = -71*o + 6. List the prime factors of s(-4).
2, 5, 29
Suppose -8 = 3*x - 5*x. Suppose x*o = 5*o. Let j = o - -10. What are the prime factors of j?
2, 5
Let f(x) = 2*x**2 + 7*x + 5. Suppose 0 = -3*m - 5*b - 13, 0*b - 1 = -b. What are the prime factors of f(m)?
5, 7
Let n be 1*75/(1 - -2). Suppose -4*j + n = j. Let r = j + 0. What are the prime factors of r?
5
Let c(r) = r**3 - 2*r**2 - 3*r - 4. Let k be c(3). Let u = -3 - k. List the prime factors of -4*3/(-2 - u).
2
Let h(q) = 2*q + 5. Let a be h(-3). Let g be 18/(-4) + 2/(-4). Let v = a - g. What are the prime factors of v?
2
Let i be 276/(-14) + 4/(-14). What are the prime factors of 8/i + (-64)/(-10)?
2, 3
Suppose -3*g - 93 = 3*a - 570, 0 = -a - 5*g + 155. Suppose 0 = j - 6*j + a. What are the prime factors of j?
2
Suppose 6*q = q. Let y(i) = i + 45. What are the prime factors of y(q)?
3, 5
Suppose 0 = b - 4, -2*y + 64 = -6*y + b. Let a be y/2 + (-2)/4. What are the prime factors of (-5 - a)*1*3?
3
List the prime factors of ((-840)/18)/(-2) + 1/(-3).
23
Suppose 2*z + 0*m + 25 = -3*m, -5*m = 5*z + 60. Let i = z - -22. List the prime factors of i.
11
Let h = -15 + 63. List the prime factors of h.
2, 3
Let r(k) = k**2 + 8*k + 5. Let d(g) = g**2 + 9*g - 1. Let h be d(-8). List the prime factors of r(h).
2, 7
Suppose q + 7 = 4*a, 2*q - 1 = a + 2*a. Let v = a - -9. What are the prime factors of v?
2, 3
Suppose -5*j - 5*a + 10 = -a, 10 = 5*j - a. Suppose 14 = -j*s - 0*s. Let v(t) = -t + 3. What are the prime factors of v(s)?
2, 5
What are the prime factors of ((-1)/(-3))/(-3*2/(-4302))?
239
Let p = 22 + -13. Let a = p - 4. List the prime factors of a.
5
Suppose -3*o + 0*l + 2*l = -497, 5*o - 4*l - 829 = 0. List the prime factors of o.
3, 5, 11
Let c be 2 - (3 - (1 - 1)). List the prime factors of (0 - 2)/(1/c).
2
Let a(d) = d**2 - d - 1. Let h = -12 + 17. Suppose h*c + 2*l - 32 = 6*l, -12 = 4*l. What are the prime factors of a(c)?
11
Let x = 1 + 3. Suppose -3 = -4*m + 3*f - 1, -5*m + 3*f + x = 0. Suppose 2*z = -3*j + 20, m*z + 6 = -z. What are the prime factors of j?
2
Let d = 4 + 0. Suppose 0 = -d*s - 11 + 127. What are the prime factors of s?
29
Suppose 0*r = r. Suppose r*s + 2*s - 3*j - 10 = 0, 0 = 5*s - 4*j - 39. What are the prime factors of s?
11
Let z = -198 + 539. List the prime factors of z.
11, 31
Suppose -2*k = -k - 16. Let j = 7 + k. Let l = j + -14. What are the prime factors of l?
3
Let s = -2 + -2. Suppose -5*t - 3*w + 45 = 0, 0*t - w + 11 = t. Let c = s + t. List the prime factors of c.
2
Let a = 75 + -54. List the prime factors of a.
3, 7
Suppose 142 = 4*n - 22. Suppose 5*m = f + n + 43, -2*m - 3*f = -37. List the prime factors of m.
17
Suppose -25 = -5*c, 0*u + 2*c + 62 = 3*u. What are the prime factors of u?
2, 3
Suppose 0 = -5*y - 4*g + 20 + 20, 28 = 2*y + 4*g. Suppose z + y*z = 60. What are the prime factors of z?
2, 3
Suppose -270 = -3*j - 3*s, 5 = 4*s - 3. Suppose -4*y + 70 + 78 = -h, j = 3*y + 5*h. Suppose -y = -2*l - 2*l. List the prime factors of l.
3
What are the prime factors of ((-90)/(-20))/(1/10)?
3, 5
Suppose -2*l - 2*c + 42 = 0, l - 4*c = -6*c + 22. Suppose 4*y + y = l. Suppose -t + 2 = 5, -3*z - y*t + 24 = 0. What are the prime factors of z?
2, 3
Let y(a) = a**3 + 5*a**2 + 4*a + 4. Let m be y(-4). Suppose -m*q = -18 - 142. List the prime factors of q.
2, 5
Let a(r) = r**3 - 2*r**2 + 5*r + 6. Let m be a(5). Suppose 4*v = m + 6. List the prime factors of v.
2, 7
Suppose 0*x = -2*x + 60. What are the prime factors of x?
2, 3, 5
Suppose 0 = -o - y + 156, 2*o - 2*y = -0*y + 316. What are the prime factors of o?
157
Let j be 2/4*(0 + 0). What are the prime factors of (-1 + j)/(5/(-10))?
2
Suppose o + 4 = 0, 3*k - 299 + 19 = -5*o. List the prime factors of k.
2, 5
Let b be 28/(-35)*65/(-2). Let 